1 + -36. Let g(o) = 4*o**2 - o - 1. Calculate the remainder when b is divided by g(-1).
1
Suppose 66 = -12*p + 18*p. What is the remainder when 47 is divided by p?
3
Let p = 13 - -24. Let r = 62 - p. Calculate the remainder when 49 is divided by r.
24
Suppose -38*b - 270 = -47*b. What is the remainder when b is divided by 11?
8
Suppose -72 = -3*o - 0*o. What is the remainder when o is divided by 14?
10
Let f be 3*(-1)/((-9)/6). What is the remainder when 55 is divided by (-291)/(-15) - f/5?
17
Let j be 3*-2*1/2. Let w(n) = -4*n - 4. Let k(l) = l. Let g(p) = j*k(p) - w(p). Calculate the remainder when 28 is divided by g(6).
8
What is the remainder when 37 is divided by ((-1)/3)/((0 - -2)/(-60))?
7
Let b(g) = -g**3 + 9*g**2 - 6*g. What is the remainder when b(8) is divided by 5?
1
Suppose 1 + 5 = 6*y. Calculate the remainder when 53 is divided by y*(18/1 - 4).
11
Suppose -4*y + y - 9 = 0. Let o(t) = t**2 - 7*t - 10. Calculate the remainder when (y/2)/((-3)/28) is divided by o(9).
6
Let w(i) = i**2 - 2*i + 6. Let v = -20 + 47. Calculate the remainder when v is divided by w(4).
13
Let j = 0 - -22. Calculate the remainder when 87 is divided by j.
21
Let m be 558/7 + 16/56. Suppose -4*u + 6*u = -5*y + m, 5*u - 11 = y. Calculate the remainder when 25 is divided by y.
11
Suppose -o + 26 + 4 = 4*r, 2*o - 90 = 2*r. Suppose l = -2*l + o. Calculate the remainder when 40 is divided by l.
12
Let n be -2 + 2 + 0 + 2. Suppose n*b + 3*b = 60. Suppose 2*a - 29 = -4*u + 23, 0 = 5*a - 4*u - 186. Calculate the remainder when a is divided by b.
10
Suppose 0 = 5*p - 68 + 8. What is the remainder when p is divided by 5?
2
Suppose 23*c - 18*c = 415. What is the remainder when c is divided by 22?
17
Let r(a) = a**3 - 3*a**2 + 2*a + 4. Calculate the remainder when r(4) is divided by 16.
12
Suppose 2*u = -0*o - 5*o + 23, 0 = -3*u + 4*o. What is the remainder when 18 is divided by u?
2
Suppose 5*x + 39 = -2*c + 115, -x + 6 = 5*c. What is the remainder when 30 is divided by x?
14
Calculate the remainder when 238 is divided by (-16)/(-6)*(19 - (-3 - -4)).
46
Let f = -5 + 3. What is the remainder when f/10 - (-704)/20 is divided by 18?
17
Suppose -5*f - 17 = 2*v + 4, -v - 8 = 2*f. Suppose -42 = -v*g - g. What is the remainder when g is divided by (2 - -8) + -2*1?
6
Suppose 0*j - 1248 = -4*j + 4*m, -4*m - 632 = -2*j. What is the remainder when 20 is divided by (j/42)/((-2)/(-3))?
9
Suppose 0 = 4*j - 254 + 1142. What is the remainder when (1 + 3)*j/(-24) is divided by 13?
11
Suppose 2*x = 4*n - 156, 4*n = 5*x - x + 164. What is the remainder when n is divided by 10?
7
Suppose q = 3*o + o + 34, -2*q + 62 = -5*o. Suppose -m + 12 = 3*m. What is the remainder when q is divided by ((-126)/12)/(m/(-4))?
12
Let k = 13 - -2. Let j = -13 + 18. What is the remainder when (j/3)/(1/k) is divided by 9?
7
Suppose 5*q = 68 + 2. Let w = -13 + q. Let j(y) = -y**3 - 6*y**2 + y + 7. What is the remainder when j(-6) is divided by w?
0
Suppose -2*g = -3*g. Suppose g = -s + 8 + 25. Suppose 3*q - 5 = 31. What is the remainder when s is divided by q?
9
Let p(h) = -h**2 - 4*h + 1. Suppose -2*a + 1 = -3. Suppose -4 = a*d + 4. Calculate the remainder when 2 is divided by p(d).
0
Suppose 370 = u + 4*u. Suppose -3*q - 26 + u = 0. What is the remainder when 30 is divided by q?
14
Let x = -6 - -9. Calculate the remainder when 10 is divided by x.
1
Calculate the remainder when -6 - (-7)/(7/195) is divided by 38.
37
Let d = -11 + 7. Let a(z) = z**2 - z - 4. Calculate the remainder when 29 is divided by a(d).
13
Let n(p) = p**3 + 5*p**2 - 5*p + 4. What is the remainder when n(-5) is divided by 16?
13
Let s = 7 + -5. Let w be 5 + (s - (-2)/(-1)). Suppose 0 = -5*m + q + 46, 16 + 18 = w*m - 4*q. Calculate the remainder when m is divided by 4.
2
Let n(r) be the third derivative of r**5/30 - r**4/4 + r**3/6 + 8*r**2. What is the remainder when 17 is divided by n(4)?
8
Let m(n) = -1 + 3*n - 4*n**2 + 6*n**3 - 4*n**3 + n**2. Let z be m(2). Calculate the remainder when 41 is divided by 21*((-6)/z)/(-1).
13
Let z(h) be the third derivative of 0*h + 1/4*h**4 + 7/6*h**3 + 3*h**2 - 1/15*h**5 + 0 - 1/120*h**6. Calculate the remainder when 4 is divided by z(-5).
0
What is the remainder when -3*8/(-28)*7 is divided by 3?
0
Let f = 1 + -5. Let r be (-2)/f - 52/8. Let v(x) = -6*x - 5. Calculate the remainder when v(r) is divided by 16.
15
Suppose 2*d + 5*f = -0 + 7, 2*d + 33 = 3*f. What is the remainder when (6/d)/((-8)/12) is divided by 1?
0
Let g = 36 - 22. Let r(f) be the second derivative of 7*f**3/6 - f**2/2 - f. Calculate the remainder when r(6) is divided by g.
13
Suppose 0 = -2*a - 0*a - 8. Let i(z) = -12*z + 2. Calculate the remainder when i(a) is divided by 17.
16
Suppose 0 = -5*u + 5*b + 95, 2*b - 52 = -4*u + u. Let p be u/(-2)*(-2)/3. Calculate the remainder when (-1 - 1)/(p/(-18)) is divided by 4.
2
Suppose -2*v + 0*p - 24 = 3*p, -14 = 3*v - p. Let d = v + 7. Calculate the remainder when 3 is divided by d.
0
Suppose -204 = -5*c + 6. Suppose 5*w - 38 - 7 = 0. What is the remainder when c is divided by w?
6
Let c(s) = 21*s**2 + 7*s - 1. What is the remainder when 63 is divided by c(-1)?
11
Let p be 4/(-10) + 77/5. What is the remainder when (-328)/2*(-1)/4 is divided by 1*(p + 0) + -1?
13
What is the remainder when 28 is divided by ((-2)/4)/((-2)/180*3)?
13
Suppose -2*h - 2*m = -3 - 5, -4*h + 40 = -4*m. Suppose -4*l + h*l = 21. What is the remainder when l is divided by 2?
1
Let n = -5 - -6. Suppose n - 231 = -5*m. What is the remainder when m is divided by 16?
14
Let i(o) be the second derivative of 4/3*o**3 + 3/2*o**2 + o + 1/12*o**4 + 0. What is the remainder when 5 is divided by i(-8)?
2
Suppose -m - 3*m - 4 = -2*h, -4*h + 32 = 4*m. Let r(z) = -z**3 + 6*z**2 + 3*z - 9. Calculate the remainder when r(6) is divided by h.
3
Let c = -426 + 271. Calculate the remainder when 19 is divided by (-2)/6 - c/15.
9
Let u(c) = c**2 - 13*c + 19. Calculate the remainder when u(14) is divided by 18.
15
Let i(d) = d**2 - 2*d - 3. What is the remainder when i(-3) is divided by 7?
5
Suppose -25 = -4*o + 4*r + 35, -4*r = 4. Calculate the remainder when 25 is divided by o.
11
Suppose 5*c - 5*w - 73 = 57, -110 = -3*c - 5*w. What is the remainder when 58 is divided by c?
28
Let l(v) = 3*v**2 - 2*v + 2. Let p = 22 + 13. What is the remainder when p is divided by l(-2)?
17
Let a(l) = 10*l - 96. Calculate the remainder when a(16) is divided by 14.
8
Let p(u) = -u**2 - 2*u. Let l be p(-6). Suppose -70 = -f - f - t, -3*t - 114 = -3*f. Let s = f + l. Calculate the remainder when 34 is divided by s.
10
Let o(p) = -p + 5. What is the remainder when 48 is divided by o(-21)?
22
What is the remainder when -4*(-3 + (-111)/12) is divided by 13/(-2)*(-4)/2?
10
Let q(r) = 54*r - 1. Suppose 20*d - 10*d = 270. What is the remainder when q(1) is divided by d?
26
Let w = -13 - -60. Calculate the remainder when w is divided by 24.
23
Suppose -d + 2*c + 1 = -7, 0 = 4*d - 5*c - 44. Let k = -3 + d. Calculate the remainder when 25 is divided by k.
12
Suppose 3*z + 2*z = 50. Let p = -24 - -27. What is the remainder when z is divided by p?
1
Suppose -3*c + 2*i = -93 - 80, -4*i = 4*c - 204. What is the remainder when c is divided by 29?
26
Let u be (-216)/(-22) - 2/(-11). What is the remainder when (-76)/(-10) - 6/u is divided by 4?
3
Suppose 5*s + 0*s = 0. Suppose s = 5*w - 3*h - 158, -95 = -3*w - 0*h + 2*h. What is the remainder when w is divided by 16?
15
Let z(d) = 2*d**2 + 4*d - 5. Suppose 13 = 3*f + 5*u, u = -2*u - 3. What is the remainder when z(-4) is divided by f?
5
Let x be (4/8)/(2/(-68)). Let o = -10 - x. Let z(c) = c**3 - 7*c**2 - c + 10. What is the remainder when 8 is divided by z(o)?
2
Let i(b) be the third derivative of -5*b**4/24 - 2*b**3/3 + 7*b**2. Calculate the remainder when 20 is divided by i(-3).
9
Let i be -2 + 4 + 136/(-4). Let d = i + 47. What is the remainder when 42 is divided by d?
12
Let a(o) = -2*o + 2. Suppose 5*b + 21 = -2*q, q + 2*b + 18 = -3*q. Calculate the remainder when a(-4) is divided by (-51)/(-12) - q/(-12).
2
Let c = 28 + 24. What is the remainder when c is divided by 14?
10
Let j = -12 - -18. Calculate the remainder when 11 is divided by j.
5
Let p be (-35)/(-15) - 2/(-3). Suppose 5*k = -p*f + 38, -17 = -3*f + 3*k